{"id":330,"date":"2021-03-05T11:04:08","date_gmt":"2021-03-05T14:04:08","guid":{"rendered":"http:\/\/corecongo.gov.br\/transparencia\/?page_id=330"},"modified":"2025-03-04T22:50:54","modified_gmt":"2025-03-05T01:50:54","slug":"resolucao-2020","status":"publish","type":"page","link":"https:\/\/corecongo.gov.br\/transparencia\/resolucao-2020\/","title":{"rendered":"Resolu\u00e7\u00f5es 2020"},"content":{"rendered":"<p>&nbsp;<\/p>\n<table style=\"width: 663px; height: 848px;\" border=\"0\" align=\"center\">\n<tbody>\n<tr style=\"height: 70px;\">\n<th style=\"background-color: #333399; color: #ffffff; height: 70px; text-align: center;\">\n<p align=\"center\"><strong>RESOLU\u00c7\u00d5ES<\/strong><\/p>\n<\/th>\n<\/tr>\n<tr style=\"height: 486px;\">\n<td style=\"height: 486px; background-color: #f5f5f5; vertical-align: text-top;\">\n<p align=\"center\"><span style=\"color: #008080;\"><strong>2020<\/strong><\/span><\/p>\n<table style=\"height: 736px;\" width=\"659\">\n<tbody>\n<tr>\n<td style=\"width: 70px;\">001<\/td>\n<td><a href=\"https:\/\/corecongo.gov.br\/transparencia\/wp-content\/uploads\/2021\/03\/Resolucao-001-2020.-C.T.pdf\">Resolu\u00e7\u00e3o 001-2020. C.T<\/a><\/td>\n<\/tr>\n<tr>\n<td style=\"width: 70px;\">002<\/td>\n<td><a href=\"https:\/\/corecongo.gov.br\/transparencia\/wp-content\/uploads\/2021\/03\/Resolucao-002-2020-LICITACAO.pdf\">Resolu\u00e7\u00e3o 002-2020 &#8211; LICITA\u00c7\u00c3O<\/a><\/td>\n<\/tr>\n<tr>\n<td style=\"width: 70px;\">003<\/td>\n<td><a href=\"https:\/\/corecongo.gov.br\/transparencia\/wp-content\/uploads\/2021\/03\/Resolucao-003-2020.-Prestacao-de-Contas.pdf\">Resolu\u00e7\u00e3o 003-2020. Presta\u00e7\u00e3o de Contas<\/a><\/td>\n<\/tr>\n<tr>\n<td>004<\/td>\n<td><a href=\"https:\/\/corecongo.gov.br\/transparencia\/wp-content\/uploads\/2021\/03\/Resolucao-004-2020-Programa-Recredito.pdf\">Resolu\u00e7\u00e3o 004-2020 &#8211; Programa Recredito<\/a><\/td>\n<\/tr>\n<tr>\n<td>005<\/td>\n<td><a href=\"https:\/\/corecongo.gov.br\/transparencia\/wp-content\/uploads\/2021\/03\/Resolucao-005-2020-PATRIMONIO.pdf\">Resolu\u00e7\u00e3o 005-2020 &#8211; PATRIM\u00d4NIO<\/a><\/td>\n<\/tr>\n<tr>\n<td>006<\/td>\n<td><a href=\"https:\/\/corecongo.gov.br\/transparencia\/wp-content\/uploads\/2021\/03\/Resolucao-006-2020-FISCALIZACAO-E-FINANCAS.pdf\">Resolu\u00e7\u00e3o 006-2020 &#8211; FISCALIZA\u00c7\u00c3O E FINAN\u00c7AS<\/a><\/td>\n<\/tr>\n<tr>\n<td>007<\/td>\n<td><a href=\"https:\/\/corecongo.gov.br\/transparencia\/wp-content\/uploads\/2021\/03\/Resolucao-007-2020-RELACOES-PROFISSIONAIS.pdf\">Resolu\u00e7\u00e3o 007-2020 &#8211; RELA\u00c7\u00d5ES PROFISSIONAIS<\/a><\/td>\n<\/tr>\n<tr>\n<td>008<\/td>\n<td><a href=\"https:\/\/corecongo.gov.br\/transparencia\/wp-content\/uploads\/2021\/03\/Resolucao-008-2020-COMUNICACAO-E-MARKETING.pdf\">Resolu\u00e7\u00e3o 008-2020 &#8211; COMUNICA\u00c7\u00c3O E MARKETING<\/a><\/td>\n<\/tr>\n<tr>\n<td>009<\/td>\n<td><a href=\"https:\/\/corecongo.gov.br\/transparencia\/wp-content\/uploads\/2021\/03\/Resolucao-009-2020-DESENVOLVIMENTO-ECONOMICO.pdf\">Resolu\u00e7\u00e3o 009-2020 &#8211; DESENVOLVIMENTO ECON\u00d4MICO<\/a><\/td>\n<\/tr>\n<tr>\n<td>010<\/td>\n<td><a href=\"https:\/\/corecongo.gov.br\/transparencia\/wp-content\/uploads\/2021\/03\/Resolucao-010-2020-RELACOES-EDUCACIONAIS.pdf\">Resolu\u00e7\u00e3o 010-2020 &#8211; RELA\u00c7\u00d5ES EDUCACIONAIS<\/a><\/td>\n<\/tr>\n<tr>\n<td>011<\/td>\n<td><a href=\"https:\/\/corecongo.gov.br\/transparencia\/wp-content\/uploads\/2021\/03\/Resolucao-011-2020-Comissao-Eleitoral.pdf\">Resolu\u00e7\u00e3o 011-2020 &#8211; Comiss\u00e3o Eleitoral<\/a><\/td>\n<\/tr>\n<tr>\n<td>012<\/td>\n<td><a href=\"https:\/\/corecongo.gov.br\/transparencia\/wp-content\/uploads\/2021\/03\/Resolucao-012-2020.-Balancete.pdf\">Resolu\u00e7\u00e3o 012-2020. Balancete<\/a><\/td>\n<\/tr>\n<tr>\n<td>013<\/td>\n<td><a href=\"https:\/\/corecongo.gov.br\/transparencia\/wp-content\/uploads\/2021\/03\/Resolucao-013-2020.-Balancete.pdf\">Resolu\u00e7\u00e3o 013-2020. Balancete<\/a><\/td>\n<\/tr>\n<tr>\n<td>014<\/td>\n<td><a href=\"https:\/\/corecongo.gov.br\/transparencia\/wp-content\/uploads\/2021\/03\/Resolucao-014-2020-Contribuicoes-Parafiscais-PUBLICACAO.pdf\">Resolu\u00e7\u00e3o 014-2020 (Contribui\u00e7\u00f5es Parafiscais)- PUBLICA\u00c7AO<\/a><\/td>\n<\/tr>\n<tr>\n<td>015<\/td>\n<td><a href=\"https:\/\/corecongo.gov.br\/transparencia\/wp-content\/uploads\/2021\/03\/Resolucao-015-2020.-Balancete.pdf\">Resolu\u00e7\u00e3o 015-2020. Balancete<\/a><\/td>\n<\/tr>\n<tr>\n<td>016<\/td>\n<td><a href=\"https:\/\/corecongo.gov.br\/transparencia\/wp-content\/uploads\/2021\/03\/Resolucao-016-2020-Orcamento.pdf\">Resolu\u00e7\u00e3o 016-2020 Or\u00e7amento<\/a><\/td>\n<\/tr>\n<tr>\n<td><\/td>\n<td><\/td>\n<\/tr>\n<tr>\n<td><\/td>\n<td><\/td>\n<\/tr>\n<\/tbody>\n<\/table>\n<\/td>\n<\/tr>\n<\/tbody>\n<\/table>\n","protected":false},"excerpt":{"rendered":"<p>&nbsp; RESOLU\u00c7\u00d5ES 2020 001 Resolu\u00e7\u00e3o 001-2020. C.T 002 Resolu\u00e7\u00e3o 002-2020 &#8211; LICITA\u00c7\u00c3O 003 Resolu\u00e7\u00e3o 003-2020. Presta\u00e7\u00e3o de Contas 004 Resolu\u00e7\u00e3o 004-2020 &#8211; Programa Recredito 005 Resolu\u00e7\u00e3o 005-2020 &#8211; PATRIM\u00d4NIO 006 Resolu\u00e7\u00e3o 006-2020 &#8211; FISCALIZA\u00c7\u00c3O E FINAN\u00c7AS 007 Resolu\u00e7\u00e3o 007-2020 &#8211; RELA\u00c7\u00d5ES PROFISSIONAIS 008 Resolu\u00e7\u00e3o 008-2020 &#8211; COMUNICA\u00c7\u00c3O E MARKETING 009 Resolu\u00e7\u00e3o 009-2020 &#8211; DESENVOLVIMENTO ECON\u00d4MICO &hellip; <a href=\"https:\/\/corecongo.gov.br\/transparencia\/resolucao-2020\/\" class=\"more-link\">Continue reading <span class=\"screen-reader-text\">Resolu\u00e7\u00f5es 2020<\/span><\/a><\/p>\n","protected":false},"author":6,"featured_media":0,"parent":0,"menu_order":0,"comment_status":"closed","ping_status":"closed","template":"","meta":{"footnotes":""},"class_list":["post-330","page","type-page","status-publish","hentry"],"_links":{"self":[{"href":"https:\/\/corecongo.gov.br\/transparencia\/wp-json\/wp\/v2\/pages\/330","targetHints":{"allow":["GET"]}}],"collection":[{"href":"https:\/\/corecongo.gov.br\/transparencia\/wp-json\/wp\/v2\/pages"}],"about":[{"href":"https:\/\/corecongo.gov.br\/transparencia\/wp-json\/wp\/v2\/types\/page"}],"author":[{"embeddable":true,"href":"https:\/\/corecongo.gov.br\/transparencia\/wp-json\/wp\/v2\/users\/6"}],"replies":[{"embeddable":true,"href":"https:\/\/corecongo.gov.br\/transparencia\/wp-json\/wp\/v2\/comments?post=330"}],"version-history":[{"count":3,"href":"https:\/\/corecongo.gov.br\/transparencia\/wp-json\/wp\/v2\/pages\/330\/revisions"}],"predecessor-version":[{"id":478,"href":"https:\/\/corecongo.gov.br\/transparencia\/wp-json\/wp\/v2\/pages\/330\/revisions\/478"}],"wp:attachment":[{"href":"https:\/\/corecongo.gov.br\/transparencia\/wp-json\/wp\/v2\/media?parent=330"}],"curies":[{"name":"wp","href":"https:\/\/api.w.org\/{rel}","templated":true}]}}