{"id":320,"date":"2020-08-26T13:20:52","date_gmt":"2020-08-26T16:20:52","guid":{"rendered":"http:\/\/corecongo.gov.br\/transparencia\/?page_id=320"},"modified":"2025-03-04T22:50:54","modified_gmt":"2025-03-05T01:50:54","slug":"resolucoes-2019","status":"publish","type":"page","link":"https:\/\/corecongo.gov.br\/transparencia\/resolucoes-2019\/","title":{"rendered":"Resolu\u00e7\u00f5es 2019"},"content":{"rendered":"<p>RESOLU\u00c7\u00d5ES<\/p>\n<p align=\"center\"><span style=\"color: #008080;\"><strong>2019<\/strong><\/span><\/p>\n<p>&nbsp;<\/p>\n<table style=\"height: 626px;\">\n<tbody>\n<tr>\n<td style=\"width: 70px;\"><strong><span style=\"color: #666699;\">N\u00b0<\/span><\/strong><\/td>\n<td><span style=\"color: #666699;\"><strong>Descri\u00e7\u00e3o<\/strong><\/span><\/td>\n<\/tr>\n<tr>\n<td>001<\/td>\n<td><a href=\"http:\/\/corecongo.gov.br\/transparencia\/wp-content\/uploads\/2020\/08\/Resolucao-001-2019.-C.T.pdf\">Resolu\u00e7\u00e3o 001-2019<\/a> Comiss\u00e3o de Tomada de<br \/>\nContas de 2020<\/td>\n<\/tr>\n<tr>\n<td>002<\/td>\n<td><a href=\"http:\/\/corecongo.gov.br\/transparencia\/wp-content\/uploads\/2020\/08\/Resolucao-002-2019.-Prestacao-de-Contas.pdf\">Resolu\u00e7\u00e3o 002-2019. Presta\u00e7\u00e3o de Contas<\/a><\/td>\n<\/tr>\n<tr>\n<td>003<\/td>\n<td><a href=\"http:\/\/corecongo.gov.br\/transparencia\/wp-content\/uploads\/2020\/08\/Resolucao-003-2019-LICITACAO.pdf\">Resolu\u00e7\u00e3o 003-2019 &#8211;\u00a0 Constitui a Comiss\u00e3o de Licita\u00e7\u00e3o.<\/a><\/td>\n<\/tr>\n<tr>\n<td>004<\/td>\n<td><a href=\"http:\/\/corecongo.gov.br\/transparencia\/wp-content\/uploads\/2020\/08\/Resolucao-004-2019.-Balancete.pdf\">Resolu\u00e7\u00e3o 004-2019. Balancete do 1\u00ba Trimestre de 2019<\/a><\/td>\n<\/tr>\n<tr>\n<td>005<\/td>\n<td><a href=\"http:\/\/corecongo.gov.br\/transparencia\/wp-content\/uploads\/2020\/08\/Resolucao-005-2019-Premio-de-Monografia.pdf\">Resolu\u00e7\u00e3o 005-2019 &#8211;\u00a0 Regulamenta do XII I Pr\u00eamio de Monografia \u201cLeopoldo de Bulh\u00f5es 2019\u201d <\/a><\/td>\n<\/tr>\n<tr>\n<td>006<\/td>\n<td><a href=\"http:\/\/corecongo.gov.br\/transparencia\/wp-content\/uploads\/2020\/08\/Resolucao-006-2019-Reajuste-Salarial.pdf\">Resolu\u00e7\u00e3o 006-2019 &#8211; Reajuste Salarial Funcion\u00e1rios CORECON\/GO<\/a><\/td>\n<\/tr>\n<tr>\n<td>007<\/td>\n<td><a href=\"http:\/\/corecongo.gov.br\/transparencia\/wp-content\/uploads\/2020\/08\/Resolucao-007-2019-Comissao-Eleitoral.pdf\">Resolu\u00e7\u00e3o 007-2019 &#8211; Institui Comiss\u00e3o Eleitoral<\/a><\/td>\n<\/tr>\n<tr>\n<td>008<\/td>\n<td><a href=\"http:\/\/corecongo.gov.br\/transparencia\/wp-content\/uploads\/2020\/08\/Resolucao-008-2019.-Balancete.pdf\">Resolu\u00e7\u00e3o 008-2019. Balancete<\/a><\/td>\n<\/tr>\n<tr>\n<td>009<\/td>\n<td><a href=\"http:\/\/corecongo.gov.br\/transparencia\/wp-content\/uploads\/2020\/08\/Resolucao-009-2019-Comissao-Eleitoral.pdf\">Resolu\u00e7\u00e3o 009-2019 &#8211; Substitui\u00e7\u00e3o de Membro da Comiss\u00e3o Eleitoral\u00a0\u00a0<\/a><\/td>\n<\/tr>\n<tr>\n<td>010<\/td>\n<td><a href=\"http:\/\/corecongo.gov.br\/transparencia\/wp-content\/uploads\/2020\/08\/Resolucao-010-2019-Comissao-CAT.pdf\">Resolu\u00e7\u00e3o 010-2019 &#8211; Comiss\u00e3o para o\u00a0 Conselho Administrativo Tribut\u00e1rio \u2013 CAT.Comiss\u00e3o CAT<\/a><\/td>\n<\/tr>\n<tr>\n<td>011<\/td>\n<td><a href=\"http:\/\/corecongo.gov.br\/transparencia\/wp-content\/uploads\/2020\/08\/Resolucao-011-2019-Contribuicoes-Parafiscais.pdf\">Resolu\u00e7\u00e3o 011-2019 (Contribui\u00e7\u00f5es Parafiscais)<\/a><\/td>\n<\/tr>\n<tr>\n<td>012<\/td>\n<td><a href=\"http:\/\/corecongo.gov.br\/transparencia\/wp-content\/uploads\/2020\/08\/Resolucao-012-2019.-Orcamento.pdf\">Resolu\u00e7\u00e3o 012-2019. Proposta Or\u00e7ament\u00e1ria Exercicio 2020<\/a><\/td>\n<\/tr>\n<tr>\n<td>013<\/td>\n<td><a href=\"http:\/\/corecongo.gov.br\/transparencia\/wp-content\/uploads\/2020\/08\/Resolucao-013-2019.-Balancete.pdf\">Resolu\u00e7\u00e3o 013-2019. Balancete do 3\u00ba Trimestre de 2019<\/a><\/td>\n<\/tr>\n<\/tbody>\n<\/table>\n<div>\n<p>&nbsp;<\/p>\n<\/div>\n","protected":false},"excerpt":{"rendered":"<p>RESOLU\u00c7\u00d5ES 2019 &nbsp; N\u00b0 Descri\u00e7\u00e3o 001 Resolu\u00e7\u00e3o 001-2019 Comiss\u00e3o de Tomada de Contas de 2020 002 Resolu\u00e7\u00e3o 002-2019. Presta\u00e7\u00e3o de Contas 003 Resolu\u00e7\u00e3o 003-2019 &#8211;\u00a0 Constitui a Comiss\u00e3o de Licita\u00e7\u00e3o. 004 Resolu\u00e7\u00e3o 004-2019. Balancete do 1\u00ba Trimestre de 2019 005 Resolu\u00e7\u00e3o 005-2019 &#8211;\u00a0 Regulamenta do XII I Pr\u00eamio de Monografia \u201cLeopoldo de Bulh\u00f5es 2019\u201d 006 &hellip; <a href=\"https:\/\/corecongo.gov.br\/transparencia\/resolucoes-2019\/\" class=\"more-link\">Continue reading <span class=\"screen-reader-text\">Resolu\u00e7\u00f5es 2019<\/span><\/a><\/p>\n","protected":false},"author":6,"featured_media":0,"parent":0,"menu_order":0,"comment_status":"closed","ping_status":"closed","template":"","meta":{"footnotes":""},"class_list":["post-320","page","type-page","status-publish","hentry"],"_links":{"self":[{"href":"https:\/\/corecongo.gov.br\/transparencia\/wp-json\/wp\/v2\/pages\/320","targetHints":{"allow":["GET"]}}],"collection":[{"href":"https:\/\/corecongo.gov.br\/transparencia\/wp-json\/wp\/v2\/pages"}],"about":[{"href":"https:\/\/corecongo.gov.br\/transparencia\/wp-json\/wp\/v2\/types\/page"}],"author":[{"embeddable":true,"href":"https:\/\/corecongo.gov.br\/transparencia\/wp-json\/wp\/v2\/users\/6"}],"replies":[{"embeddable":true,"href":"https:\/\/corecongo.gov.br\/transparencia\/wp-json\/wp\/v2\/comments?post=320"}],"version-history":[{"count":1,"href":"https:\/\/corecongo.gov.br\/transparencia\/wp-json\/wp\/v2\/pages\/320\/revisions"}],"predecessor-version":[{"id":321,"href":"https:\/\/corecongo.gov.br\/transparencia\/wp-json\/wp\/v2\/pages\/320\/revisions\/321"}],"wp:attachment":[{"href":"https:\/\/corecongo.gov.br\/transparencia\/wp-json\/wp\/v2\/media?parent=320"}],"curies":[{"name":"wp","href":"https:\/\/api.w.org\/{rel}","templated":true}]}}