{"id":147,"date":"2019-04-09T22:55:24","date_gmt":"2019-04-10T01:55:24","guid":{"rendered":"http:\/\/corecongo.gov.br\/transparencia\/?page_id=147"},"modified":"2025-03-04T22:51:10","modified_gmt":"2025-03-05T01:51:10","slug":"editais-e-resultados","status":"publish","type":"page","link":"https:\/\/corecongo.gov.br\/transparencia\/editais-e-resultados\/","title":{"rendered":"Editais e Resultados"},"content":{"rendered":"<h3>2022<\/h3>\n<p><strong>Carta Convite n\u00b0 01\/2022<br \/>\n<\/strong>Contrata\u00e7\u00e3o de servi\u00e7os de assessoria de comunica\u00e7\u00e3o.<br \/>\nAnexos:<br \/>\n<a href=\"https:\/\/corecongo.gov.br\/transparencia\/wp-content\/uploads\/2022\/06\/editalconvite.pdf\" target=\"_blank\" rel=\"noopener noreferrer\">1. Edital<\/a><br \/>\n<a href=\"https:\/\/corecongo.gov.br\/transparencia\/wp-content\/uploads\/2022\/06\/atacc0122.pdf\" target=\"_blank\" rel=\"noopener noreferrer\">2. Ata<\/a><\/p>\n<p><strong>Carta Convite n\u00b0 02\/2022<br \/>\n<\/strong>Contrata\u00e7\u00e3o de servi\u00e7os de assessoria de comunica\u00e7\u00e3o.<br \/>\nAnexos:<br \/>\n<a href=\"https:\/\/corecongo.gov.br\/transparencia\/wp-content\/uploads\/2022\/06\/editalcc0222.pdf\" target=\"_blank\" rel=\"noopener noreferrer\">1. Edital<\/a><br \/>\n<a href=\"https:\/\/corecongo.gov.br\/transparencia\/wp-content\/uploads\/2022\/12\/atalict.pdf\" target=\"_blank\" rel=\"noopener\">2. Ata<\/a><\/p>\n<hr \/>\n<h3><strong>2019<\/strong><\/h3>\n<p><strong>Carta Convite n\u00b0 01\/2019<\/strong><\/p>\n<p>Contrata\u00e7\u00e3o de servi\u00e7os de assessoria de comunica\u00e7\u00e3o.<\/p>\n<p>Anexos:<\/p>\n<ol>\n<li><a href=\"http:\/\/corecongo.gov.br\/transparencia\/wp-content\/uploads\/docs\/licitacoes\/CC012019.pdf\" target=\"_blank\" rel=\"noopener noreferrer\">Edital<\/a><\/li>\n<\/ol>\n<p><strong>Edital CAT<\/strong><\/p>\n<p style=\"text-align: justify;\">O CONSELHO REGIONAL DE ECONOMIA DA 18a REGIA\u0303O \u2013 CORECON\/GO, no uso de suas atribui\u00e7\u00f5es legais e com fulcro no Decreto no 9.373\/18, CONVOCA os Economistas que satisfa\u00e7am as exig\u00eancias do Regulamento N\u00b0 01\/2019, para requerer sua inscri\u00e7\u00e3o, do dia 23 de setembro a\u0300 07 de outubro de 2019, das 08h a\u0300s 17h30, na sede do CORECON\/GO, situada na Rua 86, n. 617, Setor Sul, na cidade de Goia\u0302nia \u2013 GO, CEP 74.083-330, no processo seletivo para a indica\u00e7\u00e3o de Conselheiro Classista ao Conselho Administrativo Tributa\u0301rio &#8211; CAT do Estado de Goia\u0301s.<\/p>\n<p><strong>EDITAL DE CONVOCA\u00c7\u00c3O N\u00b0 01\/2019<\/strong><\/p>\n<p><strong>REGULAMENTO N\u00ba 01\/2019<\/strong><\/p>\n<p><a href=\"http:\/\/corecongo.gov.br\/transparencia\/wp-content\/uploads\/2019\/09\/Edital-CAT-16-09-2019-1.pdf\">Edital CAT &#8211; 16 09 2019<\/a><\/p>\n<h6>RESULTADO<strong>\u00a0Edital CAT<\/strong><\/h6>\n<p><a href=\"http:\/\/corecongo.gov.br\/transparencia\/wp-content\/uploads\/2019\/10\/RESULTADO-PROCESSO-SELETIVO-DO-CAT.pdf\">RESULTADO PROCESSO SELETIVO DO CAT<\/a><\/p>\n<p>&nbsp;<\/p>\n","protected":false},"excerpt":{"rendered":"<p>2022 Carta Convite n\u00b0 01\/2022 Contrata\u00e7\u00e3o de servi\u00e7os de assessoria de comunica\u00e7\u00e3o. Anexos: 1. Edital 2. Ata Carta Convite n\u00b0 02\/2022 Contrata\u00e7\u00e3o de servi\u00e7os de assessoria de comunica\u00e7\u00e3o. Anexos: 1. Edital 2. Ata 2019 Carta Convite n\u00b0 01\/2019 Contrata\u00e7\u00e3o de servi\u00e7os de assessoria de comunica\u00e7\u00e3o. Anexos: Edital Edital CAT O CONSELHO REGIONAL DE ECONOMIA DA &hellip; <a href=\"https:\/\/corecongo.gov.br\/transparencia\/editais-e-resultados\/\" class=\"more-link\">Continue reading <span class=\"screen-reader-text\">Editais e Resultados<\/span><\/a><\/p>\n","protected":false},"author":2,"featured_media":0,"parent":0,"menu_order":0,"comment_status":"closed","ping_status":"closed","template":"","meta":{"footnotes":""},"class_list":["post-147","page","type-page","status-publish","hentry"],"_links":{"self":[{"href":"https:\/\/corecongo.gov.br\/transparencia\/wp-json\/wp\/v2\/pages\/147","targetHints":{"allow":["GET"]}}],"collection":[{"href":"https:\/\/corecongo.gov.br\/transparencia\/wp-json\/wp\/v2\/pages"}],"about":[{"href":"https:\/\/corecongo.gov.br\/transparencia\/wp-json\/wp\/v2\/types\/page"}],"author":[{"embeddable":true,"href":"https:\/\/corecongo.gov.br\/transparencia\/wp-json\/wp\/v2\/users\/2"}],"replies":[{"embeddable":true,"href":"https:\/\/corecongo.gov.br\/transparencia\/wp-json\/wp\/v2\/comments?post=147"}],"version-history":[{"count":13,"href":"https:\/\/corecongo.gov.br\/transparencia\/wp-json\/wp\/v2\/pages\/147\/revisions"}],"predecessor-version":[{"id":599,"href":"https:\/\/corecongo.gov.br\/transparencia\/wp-json\/wp\/v2\/pages\/147\/revisions\/599"}],"wp:attachment":[{"href":"https:\/\/corecongo.gov.br\/transparencia\/wp-json\/wp\/v2\/media?parent=147"}],"curies":[{"name":"wp","href":"https:\/\/api.w.org\/{rel}","templated":true}]}}