{"id":136,"date":"2019-02-20T20:53:04","date_gmt":"2019-02-20T23:53:04","guid":{"rendered":"http:\/\/corecongo.gov.br\/transparencia\/?page_id=136"},"modified":"2025-03-04T22:51:10","modified_gmt":"2025-03-05T01:51:10","slug":"resolucoes-2015","status":"publish","type":"page","link":"https:\/\/corecongo.gov.br\/transparencia\/atos-normativos\/resolucoes-2015\/","title":{"rendered":"Resolu\u00e7\u00f5es 2015"},"content":{"rendered":"<p>&nbsp;<\/p>\n<table style=\"width: 100%;\" border=\"0\" align=\"center\">\n<tbody>\n<tr style=\"height: 70px;\">\n<th style=\"background-color: #333399; color: #ffffff; height: 70px; text-align: center;\">\n<p align=\"center\"><strong>RESOLU\u00c7\u00d5ES<\/strong><\/p>\n<\/th>\n<\/tr>\n<tr style=\"height: 486px;\">\n<td style=\"height: 486px; background-color: #f5f5f5; vertical-align: text-top;\">\n<p align=\"center\"><span style=\"color: #008080;\"><strong>2015<\/strong><\/span><\/p>\n<table style=\"height: 626px;\">\n<tbody>\n<tr>\n<td style=\"width: 70px;\"><strong><span style=\"color: #666699;\">N\u00b0<\/span><\/strong><\/td>\n<td><span style=\"color: #666699;\"><strong>Descri\u00e7\u00e3o<\/strong><\/span><\/td>\n<\/tr>\n<tr>\n<td>001<\/td>\n<td><a href=\"..\/..\/wp-content\/uploads\/docs\/atos-normativos\/resolucoes\/2015\/Res001-2015.pdf\" target=\"_blank\" rel=\"noopener\">Constitui a Comiss\u00e3o de Tomada de Contas de 2015.<\/a><\/td>\n<\/tr>\n<tr>\n<td>002<\/td>\n<td><a href=\"..\/..\/wp-content\/uploads\/docs\/atos-normativos\/resolucoes\/2015\/Res002-2015.pdf\" target=\"_blank\" rel=\"noopener\">Aprova Presta\u00e7\u00e3o de Contas do Exerc\u00edcio de 2015.<\/a><\/td>\n<\/tr>\n<tr>\n<td>003<\/td>\n<td><a href=\"..\/..\/wp-content\/uploads\/docs\/atos-normativos\/resolucoes\/2015\/Res003-2015.pdf\" target=\"_blank\" rel=\"noopener\">Altera o Regulamento do XI  Pr\u00eamio de Monografia \u201cLeopoldo de Bulh\u00f5es  2015.<\/a><\/td>\n<\/tr>\n<tr>\n<td>004<\/td>\n<td><a href=\"..\/..\/wp-content\/uploads\/docs\/atos-normativos\/resolucoes\/2015\/Res003.1-2015.pdf\" target=\"_blank\" rel=\"noopener\">Disp\u00f5e sobre a constitui\u00e7\u00e3o da Comiss\u00e3o Examinadora  do XI Pr\u00eamio de Monografia \u201cLEOPOLDO DE BULH\u00d5ES\u201d .<\/a><\/td>\n<\/tr>\n<tr>\n<td>005<\/td>\n<td><a href=\"..\/..\/wp-content\/uploads\/docs\/atos-normativos\/resolucoes\/2015\/Res004-2015.pdf\" target=\"_blank\" rel=\"noopener\">Aprova o balancete do 1\u00ba trimestre de 2015.<\/a><\/td>\n<\/tr>\n<tr>\n<td>006<\/td>\n<td><a href=\"..\/..\/wp-content\/uploads\/docs\/atos-normativos\/resolucoes\/2015\/Res005-2015.pdf\" target=\"_blank\" rel=\"noopener\"> Institui Comiss\u00e3o Eleitoral .<\/a><\/td>\n<\/tr>\n<tr>\n<td>007<\/td>\n<td><a href=\"..\/..\/wp-content\/uploads\/docs\/atos-normativos\/resolucoes\/2015\/Res006-2015.pdf\" target=\"_blank\" rel=\"noopener\">Fixa os valores das anuidades, bem como dos emolumentos e multas para o exerc\u00edcio de 2016 .<\/a><\/td>\n<\/tr>\n<tr>\n<td>008<\/td>\n<td><a href=\"..\/..\/wp-content\/uploads\/docs\/atos-normativos\/resolucoes\/2015\/Res007-2015.pdf\" target=\"_blank\" rel=\"noopener\">Aprova o balancete do 2\u00ba trimestre de 2015.<\/a><\/td>\n<\/tr>\n<tr>\n<td>009<\/td>\n<td><a href=\"..\/..\/wp-content\/uploads\/docs\/atos-normativos\/resolucoes\/2015\/Res009-2015.pdf\" target=\"_blank\" rel=\"noopener\"> Aprova a proposta or\u00e7ament\u00e1ria para o exerc\u00edcio de 2016.<\/a><\/td>\n<\/tr>\n<tr>\n<td>010<\/td>\n<td><a href=\"..\/..\/wp-content\/uploads\/docs\/atos-normativos\/resolucoes\/2015\/Res010-2015.pdf\" target=\"_blank\" rel=\"noopener\">Aprova o balancete do 3\u00ba trimestre de 2015.<\/a><\/td>\n<\/tr>\n<\/tbody>\n<\/table>\n<\/td>\n<\/tr>\n<\/tbody>\n<\/table>\n","protected":false},"excerpt":{"rendered":"<p>&nbsp; RESOLU\u00c7\u00d5ES 2015 N\u00b0 Descri\u00e7\u00e3o 001 Constitui a Comiss\u00e3o de Tomada de Contas de 2015. 002 Aprova Presta\u00e7\u00e3o de Contas do Exerc\u00edcio de 2015. 003 Altera o Regulamento do XI Pr\u00eamio de Monografia \u201cLeopoldo de Bulh\u00f5es 2015. 004 Disp\u00f5e sobre a constitui\u00e7\u00e3o da Comiss\u00e3o Examinadora do XI Pr\u00eamio de Monografia \u201cLEOPOLDO DE BULH\u00d5ES\u201d . 005 &hellip; <a href=\"https:\/\/corecongo.gov.br\/transparencia\/atos-normativos\/resolucoes-2015\/\" class=\"more-link\">Continue reading <span class=\"screen-reader-text\">Resolu\u00e7\u00f5es 2015<\/span><\/a><\/p>\n","protected":false},"author":5,"featured_media":0,"parent":40,"menu_order":0,"comment_status":"closed","ping_status":"closed","template":"","meta":{"footnotes":""},"class_list":["post-136","page","type-page","status-publish","hentry"],"_links":{"self":[{"href":"https:\/\/corecongo.gov.br\/transparencia\/wp-json\/wp\/v2\/pages\/136","targetHints":{"allow":["GET"]}}],"collection":[{"href":"https:\/\/corecongo.gov.br\/transparencia\/wp-json\/wp\/v2\/pages"}],"about":[{"href":"https:\/\/corecongo.gov.br\/transparencia\/wp-json\/wp\/v2\/types\/page"}],"author":[{"embeddable":true,"href":"https:\/\/corecongo.gov.br\/transparencia\/wp-json\/wp\/v2\/users\/5"}],"replies":[{"embeddable":true,"href":"https:\/\/corecongo.gov.br\/transparencia\/wp-json\/wp\/v2\/comments?post=136"}],"version-history":[{"count":1,"href":"https:\/\/corecongo.gov.br\/transparencia\/wp-json\/wp\/v2\/pages\/136\/revisions"}],"predecessor-version":[{"id":137,"href":"https:\/\/corecongo.gov.br\/transparencia\/wp-json\/wp\/v2\/pages\/136\/revisions\/137"}],"up":[{"embeddable":true,"href":"https:\/\/corecongo.gov.br\/transparencia\/wp-json\/wp\/v2\/pages\/40"}],"wp:attachment":[{"href":"https:\/\/corecongo.gov.br\/transparencia\/wp-json\/wp\/v2\/media?parent=136"}],"curies":[{"name":"wp","href":"https:\/\/api.w.org\/{rel}","templated":true}]}}